se 0*q + 2*q - 412 = 2*g, -2*g + 854 = 4*q. Let x = q + 744. Is x a composite number?
True
Suppose 0 = -45*j + 46*j + 3773. Let b = -1066 - j. Is b prime?
True
Suppose 0*d - 4*d = 0. Let q be (-1)/2*-8 - d. Suppose -3*s - 5*k - 610 = -q*s, 0 = -4*s + 3*k + 2525. Is s prime?
False
Suppose -9*n + 13*n - 23756 = 0. Is n a prime number?
True
Let l = 306 - 137. Suppose h - x - l = -5*x, -472 = -3*h - 5*x. Suppose 2*z - h - 449 = 0. Is z a prime number?
False
Is (2/3)/((-8)/(-588))*1 composite?
True
Let x = -54 + 56. Suppose 2948 = x*u + 654. Is u composite?
True
Let k = 4 - 16. Let t = 17 + k. Suppose -t*n - x + 3153 = -n, x = 5. Is n prime?
True
Let u(t) = -2*t**2 - 9*t. Suppose -4*m - 2*i = 38, 4*i + 20 = -4*m - 12. Let n be u(m). Let y = n - -226. Is y prime?
True
Let l(q) = 2*q**2 - 9*q + 1. Let c be l(11). Suppose 0 = 2*p + 5*m - 237, -2*p = 2*m - 96 - c. Is p a prime number?
False
Is (-75)/(-9) + -10 - 51496/(-6) composite?
False
Suppose 0 = 5*t - 3*t - 8. Suppose -3*j = -t*w - 629, -3*j + 7*j - 5*w - 837 = 0. Is j composite?
True
Let p(n) = -n**2 - 36*n + 8287. Is p(0) a composite number?
False
Suppose -5*t + 4*t = -4. Suppose -138 = -t*c - 22. Let j = 66 - c. Is j a prime number?
True
Suppose 0 = 5*y - 4*n + 15 - 51, 5*y = -n + 16. Let g(l) = 54*l - 5. Is g(y) a composite number?
False
Let o = 64 - 437. Let d = o + 1008. Is d composite?
True
Suppose -3*y + 11410 = 3040. Suppose i + 5*h - 538 = 0, 6*h - h = -5*i + y. Is i a prime number?
True
Suppose -4*v + 50 = 3*c, -1 = -v + 4. Suppose 8*w = 3*w - c. Is ((-89)/w)/((-4)/(-8)) a composite number?
False
Let q(f) = 123*f - 2. Let n be q(-6). Is (-1)/3 + (-10)/15*n a prime number?
False
Let q = 312 - 208. Suppose -4*y - b = -897, b + 3*b - 689 = -3*y. Let f = y - q. Is f prime?
False
Suppose -3*c = -l - 4914, -12*l + 16*l = -c + 1625. Is c composite?
False
Let h be (-14)/3*((-6)/4 - 0). Let l(j) = 4*j**3 + j**2 - 6*j - 10. Is l(h) composite?
True
Let q be (-11)/(-2) + (-3)/2. Suppose -5*r - 1 = q. Is (r/2)/((-8)/2224) composite?
False
Let k(y) = -79*y**3 - 4*y**2 + 11*y - 11. Is k(-6) composite?
False
Let y = 303 - 1545. Let j = -551 - y. Is j a composite number?
False
Let x = -113 + 270. Let r = 528 - x. Is r a prime number?
False
Suppose -5*o = -2*g + 21, o = 4*g + 5*o. Suppose -g*j + 2 = -2*j. Suppose -5*c = -5, -j*i = -c + 102 - 471. Is i a prime number?
False
Let s be 1 + (8 - (-4)/(-1)). Suppose -t + s = -1. Let g(i) = 35*i + 7. Is g(t) composite?
True
Let o(d) = 32*d - 32. Let x be o(-10). Let c = x + 575. Is c prime?
True
Let c = 25 + -22. Suppose -c*u + 3805 = 1270. Suppose -5*w + 10*w = u. Is w prime?
False
Suppose 2*t + 2*r + 92 = 0, 2*t + 222 = -3*t - 3*r. Let l be ((-15)/6 - -1)*t. Let s = l - 26. Is s composite?
False
Is 6 - (-1)/((-2)/(-770)) a prime number?
False
Suppose 2*x + 4 = 3*p, p + 8 = 4*p - x. Suppose 3*y - 1880 = -c, 3*y + p*c - 2593 + 707 = 0. Is y a composite number?
True
Suppose 0 = 4*t - t - 6, 0 = y - 4*t - 245. Is y a composite number?
True
Let w(p) = -446*p**3 + 9*p**2 + 17*p + 43. Is w(-6) a composite number?
False
Let o be ((-30)/15)/(2/(-856)). Suppose -3*d = x - o, -3*x + x = 5*d - 1425. Is d a prime number?
False
Let b = 8 + -3. Suppose 0 = b*w - 2*r - 4439, 3*w - 2940 = -3*r - 285. Is w composite?
False
Suppose -2468 = -5*u + 4467. Is u prime?
False
Let c(b) = -19*b**2 + 17. Let i be c(-5). Let w = 8247 + i. Is w composite?
False
Suppose 8*x = 5*x - 24. Let z = x - -231. Is z a prime number?
True
Suppose 2*y = 33 - 25. Let u(j) = 27*j - 5. Is u(y) a prime number?
True
Is (4/14 - (-1555038)/189) + -1 a prime number?
False
Suppose -90 = -2*s + 11*f - 9*f, -4*s = 2*f - 186. Let t = s - -405. Is t composite?
True
Let z be ((-42)/28)/(3/4). Is (-1679)/z + 4/(-8) a composite number?
False
Suppose -743*r - 161 = -750*r. Is r prime?
True
Let l be -5 + 1 - (-4 - -1). Let s be 0/l*8/24. Suppose -k = -4*j + 1002 - 292, 5*j - k - 887 = s. Is j a composite number?
True
Suppose 5*i + 5*m = 3710, 2*m + 745 = 5*i - 4*i. Is i a prime number?
True
Let n(l) = 54*l**2 - 49*l - 64. Is n(-15) prime?
True
Let t = 3330 - -4169. Is t a composite number?
False
Suppose -w = -5, 5*v - 3*v + 3*w = 91. Suppose 0 = v*f - 39*f + 107. Let d = f + 95. Is d prime?
False
Suppose -27096 = 8*t + 4*t. Let p = t - -3444. Is p a composite number?
True
Let s be -9*(-2)/6 - 3. Suppose a - 279 - 628 = s. Is a a composite number?
False
Suppose 47*c - 50*c = -7962. Suppose 3*i = 2263 + c. Is i prime?
False
Let b(k) = k. Let a be b(4). Let s be 18/a + (-9)/(-6). Let m(v) = v**3 - 2*v**2 + 7*v + 5. Is m(s) composite?
False
Let d = 7 + -5. Let s(x) = 2*x - 2*x + d + x**3 + x - 2*x**2. Is s(4) composite?
True
Is 285676/68 + 2/(-17) prime?
True
Let x = 6723 + -2803. Suppose -x = -v + 2433. Is v composite?
False
Is (-71097)/(-8) - (-37)/(-296) prime?
True
Let r = -10851 - -60250. Is r prime?
False
Suppose 44*h - 18058 = 42*h. Is h prime?
True
Let u(f) = -f**3 - 13*f**2 + 5*f + 121. Is u(-18) composite?
True
Let m = -42 - -64. Suppose -y + m = 5*g, 4*g - 3*y + 4*y - 17 = 0. Suppose -2*p + g*t = -343, p - 2*t = 2 + 167. Is p composite?
True
Suppose 0 = -40*k - 30*k + 1184470. Is k composite?
False
Suppose 0 = -3*l - 2*z + 4*z + 21, 3*z + 9 = 2*l. Suppose -l*m = 46 - 172. Is m a composite number?
True
Suppose -43*b + 723965 = 72343. Is b composite?
True
Let l be 234/(-24)*(1 + (2 - -1)). Let h = 0 - l. Is h composite?
True
Suppose 4*k - 36 = -2*m, k = m - 0*k - 18. Suppose 0 = 2*w + 2 - m. Is -6 + w + (1 - -160) a composite number?
False
Suppose 0 = 59*t - 63*t + 71828. Is t a prime number?
True
Let x(v) be the second derivative of -7/3*v**3 + 0 + 13*v + 7/6*v**4 + v**2 - 1/20*v**5. Is x(11) prime?
True
Let c(t) = 21*t - 2. Let v be (3 - 26/4)/((-3)/6). Is c(v) composite?
True
Suppose 0 = -5*v + 2*m + 41, 5 + 4 = -3*m. Suppose -5*y + v*y - 70 = 0. Is y a composite number?
True
Let m(c) = 2*c**3 + 8*c**2 + 14*c - 8. Let h(o) = o**3 + 7*o**2 + 13*o - 7. Let w(u) = -3*h(u) + 2*m(u). Let n be w(7). Let s = 63 + n. Is s composite?
False
Let l(q) = q**3 - 14*q**2 - q + 21. Let g be l(14). Suppose -w + 28 = w. Suppose -g = -s + w. Is s a composite number?
True
Is 7/(-14) + 86373/6 composite?
True
Suppose 25 = 3*k - s, -4*k - k = 3*s - 23. Suppose k*q - 12*q + 10 = 0. Let g(i) = 49*i**3 - 4*i**2 + 2*i + 1. Is g(q) a composite number?
True
Is (-6 - (-69342)/12)*2 composite?
True
Suppose 2164 = -3*n - 1385. Let l = 2282 + n. Is l a prime number?
False
Let o be -4 + 5 - ((3 - 12308) + 0). Suppose m - 7*m = -o. Is m a composite number?
True
Let r(j) = -5*j**2 + 15*j - 3. Let o(a) = -5*a**2 + 15*a - 3. Let m(s) = -5*o(s) + 4*r(s). Is m(-10) prime?
True
Let w be -3 + 3 + (-1 - 8). Let h(i) be the first derivative of i**3/3 + 4*i**2 + 6*i + 10. Is h(w) prime?
False
Is (-1016278)/(-10) + 120/100 a composite number?
True
Suppose -4*r = -h - 101728, 17*r + 127177 = 22*r + 3*h. Is r composite?
True
Let t = 19484 - 10705. Is t composite?
False
Is (-2)/5 + (-46364040)/(-225) - -3 prime?
False
Suppose 3*k = -2*q + 39579, 5*k = 4*q - 3*q + 65952. Suppose -13191 = -3*c - z, 0 = 3*c - 3*z - z - k. Is c prime?
True
Suppose 2*r - 4*o = 34, -3*r + 5*o + 39 = -9. Let c(k) = -k**2 + 10*k + 15. Let z be c(r). Suppose g + z*g - 1055 = 0. Is g a prime number?
True
Let w(k) = -10*k**3 + 3*k**2 - 6*k - 1. Let i be w(-5). Suppose 699 = x - i. Is x a prime number?
True
Suppose -2*j - 1002 - 1640 = -5*w, 0 = 5*w + 4*j - 2636. Suppose -3*x = 2*f + 148 - 644, w = 2*f - 5*x. Is f prime?
False
Suppose -4*f + 4 = -8, 47 = -p - 4*f. Let h = 117 + p. Is h prime?
False
Let x(m) = 1430*m + 71. Is x(9) composite?
False
Let c(p) = 6*p - 1. Let h be c(8). Suppose 0 = -3*f + 4*n - 3*n + 27, 5*f = n + h. Is 1445/f - 3/(-6) a composite number?
True
Suppose 0 = -5*h - 3*y + 9638, 2*y + 1442 + 483 = h. Is h a composite number?
True
Suppose 27*q = 38*q - 74855. Is q prime?
False
Suppose 0 = 3*y - 2 - 7. Suppose 2*s = -y*z + 37, -5*z + 31 - 86 = -5*s. Is s a prime number?
False
Is -5 - (5 + 18886)/((-3)/2) prime?
True
Suppose 4*o - 2037 = 4579. Is o composite?
True
Let p = -6212 - -12565. Is p composite?
False
Suppose 5*j - 4*i = 12 + 14, 0 = -3*j + 3*i + 18. Is (-13)/(364/(-40848)) - j/(-14) a composite number?
False
Let k(n) = -n**3 - n**2 - n + 4. Let a be 0